{"id":2,"date":"2022-03-18T16:23:38","date_gmt":"2022-03-18T16:23:38","guid":{"rendered":"https:\/\/juliane-mihael.de\/?page_id=2"},"modified":"2022-11-18T06:52:24","modified_gmt":"2022-11-18T06:52:24","slug":"sample-page","status":"publish","type":"page","link":"https:\/\/juliane-mihael.de\/index.php\/sample-page\/","title":{"rendered":"Zeremonie &#038; Feier"},"content":{"rendered":"\n<p>Nat\u00fcrlich waren es unsere Familien und Freunde, die diesen Tag besonders gemacht haben, ABER ganz herzlich m\u00f6chten wir uns auch bei Paula und ihrem gesamten Team f\u00fcr die tolle Planung, Organisation, Umsetzung und Betreuung bedanken. An jedes Detail wurde gedacht &#8211; es war gro\u00dfartig sich auch als Paar noch bei der eigenen Feier \u00fcberraschen zu lassen!<br><br>Der Kopf hinter der Sache &#8211; <strong><a href=\"https:\/\/www.dubrovnikluxuryweddings.com\/\">Paula Janovic<\/a><\/strong><\/p>\n\n\n\n<p>Die Dekoration und liebevolle Details &#8211; <a href=\"https:\/\/www.instagram.com\/flowerdesignpatrea\/?hl=de\"><strong>Flower Design PaTrea<\/strong><\/a><br><mark style=\"background-color:rgba(0, 0, 0, 0)\" class=\"has-inline-color has-pale-pink-color\">Congratulations on your <strong>20th anniversary<\/strong>, PATREA !! by the way<\/mark><\/p>\n\n\n\n<p>Das Styling &#8211; <a href=\"https:\/\/www.instagram.com\/davorhairandsoul\/\"><strong>Davor &amp; Marija<\/strong><\/a><\/p>\n\n\n\n<p> &#8230;um nur einige zu nennen.<br><br>Nat\u00fcrlich war da noch die Crew vom Catering &#8211; herzlich, aufmerksam und das Essen, zum niederknien. Die beiden Jungs bewaffnet mit Kamera und Drohne &#8211; stets bereit alle Emotionen einzufangen. Die musikalische Begleitung an dem Tag war wunderbar! Egal ob der Gitarrist im Sponza, die Band beim Essen oder der DJ zum Party machen.<br>Auch der Kapit\u00e4n der unsere Lieben von Cavtat nach Dubrovnik geschippert hat oder die Taxifahrer, die uns hin und her chauffiert haben. Sie alle haben ihren Teil dazu beigetragen diesen einen Tag f\u00fcr uns besonders und unvergesslich zu machen.<\/p>\n\n\n\n<p><\/p>\n\n\n\n<div class=\"wp-block-media-text alignwide is-stacked-on-mobile is-vertically-aligned-bottom\" style=\"grid-template-columns:15% auto\"><figure class=\"wp-block-media-text__media\"><img loading=\"lazy\" decoding=\"async\" width=\"100\" height=\"100\" src=\"https:\/\/juliane-mihael.de\/wp-content\/uploads\/2022\/03\/geschenk-1-e1647792304150.png\" alt=\"\" class=\"wp-image-148 size-full\"\/><\/figure><div class=\"wp-block-media-text__content\">\n<p style=\"font-size:16px\"><strong>DANKE an euch alle!!!<\/strong><\/p>\n<\/div><\/div>\n","protected":false},"excerpt":{"rendered":"<p>Nat\u00fcrlich waren es unsere Familien und Freunde, die diesen Tag besonders gemacht haben, ABER ganz herzlich m\u00f6chten wir uns auch bei Paula und ihrem gesamten Team f\u00fcr die tolle Planung, Organisation, Umsetzung und Betreuung bedanken. An jedes Detail wurde gedacht &#8211; es war gro\u00dfartig sich auch als Paar noch bei der eigenen Feier \u00fcberraschen zu &hellip; <\/p>\n<p class=\"link-more\"><a href=\"https:\/\/juliane-mihael.de\/index.php\/sample-page\/\" class=\"more-link\"><span class=\"screen-reader-text\">\u201eZeremonie &#038; Feier\u201c<\/span> weiterlesen<\/a><\/p>\n","protected":false},"author":1,"featured_media":60,"parent":0,"menu_order":0,"comment_status":"closed","ping_status":"open","template":"","meta":{"footnotes":""},"class_list":["post-2","page","type-page","status-publish","has-post-thumbnail","hentry"],"_links":{"self":[{"href":"https:\/\/juliane-mihael.de\/index.php\/wp-json\/wp\/v2\/pages\/2","targetHints":{"allow":["GET"]}}],"collection":[{"href":"https:\/\/juliane-mihael.de\/index.php\/wp-json\/wp\/v2\/pages"}],"about":[{"href":"https:\/\/juliane-mihael.de\/index.php\/wp-json\/wp\/v2\/types\/page"}],"author":[{"embeddable":true,"href":"https:\/\/juliane-mihael.de\/index.php\/wp-json\/wp\/v2\/users\/1"}],"replies":[{"embeddable":true,"href":"https:\/\/juliane-mihael.de\/index.php\/wp-json\/wp\/v2\/comments?post=2"}],"version-history":[{"count":24,"href":"https:\/\/juliane-mihael.de\/index.php\/wp-json\/wp\/v2\/pages\/2\/revisions"}],"predecessor-version":[{"id":600,"href":"https:\/\/juliane-mihael.de\/index.php\/wp-json\/wp\/v2\/pages\/2\/revisions\/600"}],"wp:featuredmedia":[{"embeddable":true,"href":"https:\/\/juliane-mihael.de\/index.php\/wp-json\/wp\/v2\/media\/60"}],"wp:attachment":[{"href":"https:\/\/juliane-mihael.de\/index.php\/wp-json\/wp\/v2\/media?parent=2"}],"curies":[{"name":"wp","href":"https:\/\/api.w.org\/{rel}","templated":true}]}}